 (base 4) to base 12
-34582
Convert 111122323 (base 4) to base 8.
253273
What is 3011014342 (base 5) in base 9?
12174741
What is -844452 (base 9) in base 14?
-d0cb9
Convert 1810199 (base 10) to base 12.
73369b
9378013 (base 10) to base 3
122122110012211
What is 352a (base 16) in base 15?
4075
What is 11112003031 (base 4) in base 5?
324313122
-1114331042 (base 5) to base 8
-11412434
What is 238252 (base 9) in base 3?
21022021202
Convert 1122333213 (base 4) to base 13.
100851
What is 6c077 (base 14) in base 9?
441440
What is 21120121010100 (base 3) in base 4?
33113023032
What is -1020340032 (base 5) in base 10?
-2121267
-670aa7 (base 11) to base 16
-105428
634c6 (base 14) to base 11
154097
What is -102000233100 (base 4) in base 11?
-2735469
-12152320 (base 7) to base 12
-445b04
30103202 (base 4) to base 8
142342
-4c9141 (base 15) to base 8
-16013015
-187511 (base 11) to base 16
-46571
Convert -12146002 (base 8) to base 10.
-2673666
What is -a4a410 (base 11) in base 8?
-6326677
-152a79 (base 12) to base 7
-3016164
-c454e0 (base 15) to base 4
-203212203321
What is -130221121 (base 4) in base 10?
-117337
Convert 711271 (base 8) to base 6.
5004041
Convert 1913764 (base 10) to base 5.
442220024
Convert -303077 (base 8) to base 11.
-69071
-241044521 (base 6) to base 15
-5e7b9d
904341 (base 10) to base 12
377419
Convert 1430437 (base 8) to base 10.
405791
Convert 199442b (base 12) to base 2.
10100101011001001100011
What is -3bff9 (base 16) in base 9?
-414088
-30201220100 (base 4) to base 6
-154213132
Convert 24377 (base 9) to base 8.
37737
-1d866 (base 15) to base 4
-113202030
534044010 (base 6) to base 14
1376b1c
Convert 13508849 (base 10) to base 14.
1b1909b
What is -1413541 (base 6) in base 9?
-131547
What is -138443 (base 9) in base 6?
-1453103
What is d36a4 (base 15) in base 13?
1a5b07
-3987e (base 15) to base 14
-4b18d
-160651414 (base 7) to base 14
-1618d44
What is 21301223202 (base 4) in base 8?
11615342
Convert 1250443 (base 6) to base 12.
33a23
-166509 (base 12) to base 6
-12123213
Convert 8ca82 (base 13) to base 4.
332222020
What is -174704 (base 16) in base 4?
-11310130010
What is -659118 (base 14) in base 2?
-1101001000110011100010
Convert -232d30 (base 15) to base 3.
-10011101000000
Convert 41927 (base 12) to base 3.
11100222011
What is -101001111010100 (base 2) in base 5?
-1141320
-1532673 (base 8) to base 4
-1223112323
Convert 2011021 (base 7) to base 10.
238057
What is -881275 (base 9) in base 10?
-525839
What is 7462187 (base 9) in base 10?
3997267
Convert 550250 (base 6) to base 2.
1011000110010110
Convert 133a72 (base 11) to base 13.
74917
Convert -a789c (base 15) to base 2.
-10000001110101101110
What is -122120120011201 (base 3) in base 16?
-8e8784
Convert -f88d4 (base 16) to base 3.
-1220201112020
What is 2011734 (base 8) in base 9?
886141
Convert -3731622 (base 8) to base 15.
-154d5a
Convert 20333330030 (base 4) to base 16.
23ff0c
2511439 (base 11) to base 12
1565b77
1461453 (base 8) to base 7
3362263
Convert -69b67 (base 14) to base 2.
-111110110110011111
-2322442424 (base 5) to base 3
-100221022011012
What is -1b975 (base 16) in base 8?
-334565
What is -23223301321 (base 4) in base 13?
-833191
-547053 (base 11) to base 4
-3111023222
Convert 234231331 (base 7) to base 12.
4a3a2a4
Convert -124053 (base 8) to base 5.
-2334201
-3104412230 (base 5) to base 12
-2150a18
Convert 18012361 (base 9) to base 6.
521452514
What is 2433558 (base 10) in base 15?
3310c3
Convert 222036 (base 12) to base 9.
1016316
Convert -20441044 (base 5) to base 9.
-281103
-242420310 (base 5) to base 4
-10112002032
950906 (base 14) to base 8
23150432
200337 (base 11) to base 13
b3a41
Convert -43445421 (base 7) to base 10.
-3725877
What is -102102002200020 (base 3) in base 12?
-2045536
54b3 (base 16) to base 2
101010010110011
Convert -20130222 (base 5) to base 15.
-32be2
3013244 (base 6) to base 10
142012
Convert 12088821 (base 9) to base 8.
26414706
-35554002 (base 6) to base 14
-211cb0
3eee4 (base 16) to base 9
432524
-11000100100100011 (base 2) to base 4
-120210203
3110130302 (base 4) to base 2
11010100011100110010
10156734 (base 9) to base 5
2222123140
Convert 79b601 (base 15) to base 2.
10110001010011000111110
What is 9a6b (base 14) in base 9?
40623
What is 15150 (base 10) in base 6?
154050
Convert -257070 (base 12) to base 3.
-1011011121010
Convert -142521 (base 6) to base 3.
-200122011
1421901 (base 12) to base 7
46135024
What is a7369 (base 13) in base 4?
1021220033
-1dcbd (base 16) to base 15
-26265
-322550555 (base 6) to base 3
-101210111111222
What is 42305156 (base 7) in base 12?
12488a8
Convert 17275a (base 11) to base 10.
267112
-43353450 (base 6) to base 12
-522886
Convert 88468 (base 11) to base 15.
28059
Convert -212001301 (base 4) to base 9.
-256587
What is 414277 (base 10) in base 5?
101224102
Convert 6b1a87 (base 14) to base 15.
4c2b7d
178bc4 (base 13) to base 14
115451
Convert 232224 (base 5) to base 14.
310b
Convert -1050002 (base 7) to base 6.
-2440132
Convert -11010111110101101111110 (base 2) to base 11.
-3aa0861
20422a1 (base 11) to base 4
31300003131
What is 10120311322 (base 4) in base 5?
243302310
Convert -26382 (base 15) to base 2.
-11101110110111001
Convert -a8937 (base 13) to base 8.
-1123161
213311514 (base 6) to base 14
710502
Convert -12001101100 (base 3) to base 15.
-1e6d3
What is -1210202000101 (base 3) in base 8?
-3521616
-111812 (base 12) to base 11
-176783
What is -2454523 (base 6) in base 3?
-20201000020
Convert -146202412 (base 7) to base 2.
-100101011000011011001100
-11511351 (base 7) to base 2
-11111011000000111010
What is 11a89 (base 11) in base 6?
211555
-765117 (base 10) to base 8
-2726275
-856064 (base 9) to base 3
-221220002011
1112112200020 (base 3) to base 10
817701
What is 105153504 (base 6) in base 15?
2813c4
-9928c8 (base 14) to base 15
-6c8bb2
Convert 20232330112 (base 4) to base 3.
11022022111201
115534 (base 7) to base 14
7a1b
What is 359645 (base 10) in base 14?
950cd
Convert -20992 (base 13) to base 10.
-58762
Convert -4459b (base 13) to base 3.
-20022002210
Convert 440444124 (base 6) to base 3.
112211010000221
Convert 6fcd47 (base 16) to base 9.
14706733
Convert 21040201 (base 6) to base 13.
185605
Convert -1130412 (base 6) to base 2.
-1110010001101000
Convert -1db6a3 (base 14) to base 16.
-104ebf
Convert 59e46 (base 16) to base 8.
1317106
Convert 110011000010101100010100 (base 2) to base 10.
13380372
Convert -32990 (base 15) to base 13.
-58251
Convert -110000100000011000000001 (base 2) to base 9.
-25830366
187829 (base 12) to base 10
428001
-1111011210202 (base 3) to base 15
-1094b8
Convert 6982226 (base 10) to base 14.
cda786
230320 (base 9) to base 3
21000100200
Convert 860596 (base 10) to base 8.
3220664
3354a7 (base 12) to base 3
1112120011001
What is 248080 (base 9) in base 11?
a2978
Convert 530711 (base 8) to base 10.
176585
What is -22101210002 (base 3) in base 5?
-20242243
What is 3302141 (base 5) in base 14?
16870
101220211210210 (base 3) to base 8
26106644
-10102022142 (base 5) to base 10
-10189047
3384075 (base 12) to base 4
211223131121
Convert -4a119 (base 11) to base 2.
-10001100101001111
What is 2a369 (base 16) in base 13?
60915
What is -49575 (base 12) in base 6?
-2043425
What is -60867c (base 13) in base 16?
-224733
Convert 202111002022212 (base 3) to base 8.
51416374
What is -23020203 (base 4) in base 2?
-1011001000100011
-3b514 (base 12) to base 7
-460633
Convert 123122244 (base 5) to base 7.
5041515
Convert 501666 (base 7) to base 15.
1a180
What is -b65d58 (base 16) in base 3?
-211111012022020
Convert -301644 (base 8) to base 14.
-28244
What is 26977a (base 11) in base 7?
3410555
Convert -dbd81 (base 15) to base 4.
-2222132320
What is -304026 (base 9) in base 2?
-101011111101110111
Convert -115363150 (base 7) to base 2.
-11011101000001100100001
What is 11000011111110 (base 2) in base 3?
122012112
What is 3edd4 (base 16) in base 2?
111110110111010100
2002333203 (base 4) to base 7
4363164
110010021121101 (base 3) to base 12
21a7b3a
-12001211221000 (base 3) to base 10
-2693601
Convert 1106315 (base 7) to base 14.
37b45
Convert -11021003010 (base 4) to base 6.
-44515420
Convert -1bc074 (base 14) to base 13.
-28a239
What is 120000211211010 (base 3) in base 16?
79e41a
-324104 (base 